{"id":737,"date":"2024-06-12T18:50:27","date_gmt":"2024-06-12T21:50:27","guid":{"rendered":"https:\/\/gayaspa.com.br\/?post_type=product&#038;p=737"},"modified":"2025-11-30T21:21:01","modified_gmt":"2025-12-01T00:21:01","slug":"drenagem-pos-operatorio","status":"publish","type":"product","link":"https:\/\/gayaspa.com.br\/index.php\/produto\/drenagem-pos-operatorio\/","title":{"rendered":"Drenagem P\u00f3s-Operat\u00f3rio"},"content":{"rendered":"<p>A drenagem linf\u00e1tica no p\u00f3s-operat\u00f3rio previne complica\u00e7\u00f5es do processo de cicatriza\u00e7\u00e3o, eliminar o excesso de l\u00edquido acumulado nos tecidos, eliminar tecidos desvitalizados e toxinas, reorganizar o tecido e diminuir o aparecimento de fibrose no local. Acelera a recupera\u00e7\u00e3o e potencializa os resultados cir\u00fargicos.<\/p>\n<h2>Indica\u00e7\u00f5es e contraindica\u00e7\u00f5es<\/h2>\n<p>As indica\u00e7\u00f5es da drenagem linf\u00e1tica s\u00e3o: tecidos edemaciados, circula\u00e7\u00e3o sangu\u00ednea de retorno comprometida, edema no per\u00edodo gestacional e tens\u00e3o pr\u00e9-menstrual, tratamento de pr\u00e9 e p\u00f3scirurgia pl\u00e1stica, tratamento p\u00f3slipoaspira\u00e7\u00e3o, celulite, cicatrizes hipertr\u00f3ficas e queloidianas, relaxamento de pessoas tensas, dentre outras indica\u00e7\u00f5es. Resumindo, a drenagem traz sempre sa\u00fade e bem-estar f\u00edsico e mental.<\/p>\n<p>Dentre as contraindica\u00e7\u00f5es est\u00e3o: infec\u00e7\u00f5es agudas, flebites e tromboflebites, neoplasias malignas (c\u00e2ncer) diagnosticadas e em atividade, insufici\u00eancia card\u00edaca, hipotens\u00e3o arterial, hipertireoidismo n\u00e3o tratado, asma br\u00f4nquica grave e n\u00e3o tratada e febre.<\/p>\n<p>&nbsp;<\/p>\n<p>&nbsp;<\/p>\n","protected":false},"excerpt":{"rendered":"<p>Se voc\u00ea busca uma recupera\u00e7\u00e3o mais r\u00e1pida e confort\u00e1vel ap\u00f3s cirurgias est\u00e9ticas ou reparadoras, nossa drenagem p\u00f3s-operat\u00f3ria \u00e9 ideal para voc\u00ea! Uma t\u00e9cnica delicada e cuidadosa destinada a acelerar o processo de recupera\u00e7\u00e3o ap\u00f3s procedimentos cir\u00fargicos. No Gaya, utilizamos toques suaves e espec\u00edficos para reduzir o incha\u00e7o, prevenir a forma\u00e7\u00e3o de edemas e, dessa forma, contribuir para uma cicatriza\u00e7\u00e3o adequada.<\/p>\n","protected":false},"featured_media":880,"template":"","meta":[],"product_brand":[],"product_cat":[37],"product_tag":[],"class_list":{"0":"post-737","1":"product","2":"type-product","3":"status-publish","4":"has-post-thumbnail","6":"product_cat-tratamento","8":"first","9":"instock","10":"sold-individually","11":"shipping-taxable","12":"product-type-external"},"jetpack_sharing_enabled":true,"_links":{"self":[{"href":"https:\/\/gayaspa.com.br\/index.php\/wp-json\/wp\/v2\/product\/737","targetHints":{"allow":["GET"]}}],"collection":[{"href":"https:\/\/gayaspa.com.br\/index.php\/wp-json\/wp\/v2\/product"}],"about":[{"href":"https:\/\/gayaspa.com.br\/index.php\/wp-json\/wp\/v2\/types\/product"}],"wp:featuredmedia":[{"embeddable":true,"href":"https:\/\/gayaspa.com.br\/index.php\/wp-json\/wp\/v2\/media\/880"}],"wp:attachment":[{"href":"https:\/\/gayaspa.com.br\/index.php\/wp-json\/wp\/v2\/media?parent=737"}],"wp:term":[{"taxonomy":"product_brand","embeddable":true,"href":"https:\/\/gayaspa.com.br\/index.php\/wp-json\/wp\/v2\/product_brand?post=737"},{"taxonomy":"product_cat","embeddable":true,"href":"https:\/\/gayaspa.com.br\/index.php\/wp-json\/wp\/v2\/product_cat?post=737"},{"taxonomy":"product_tag","embeddable":true,"href":"https:\/\/gayaspa.com.br\/index.php\/wp-json\/wp\/v2\/product_tag?post=737"}],"curies":[{"name":"wp","href":"https:\/\/api.w.org\/{rel}","templated":true}]}}