{"id":1387,"date":"2025-11-30T10:14:35","date_gmt":"2025-11-30T13:14:35","guid":{"rendered":"https:\/\/gayaspa.com.br\/?post_type=product&#038;p=1387"},"modified":"2025-11-30T21:17:01","modified_gmt":"2025-12-01T00:17:01","slug":"banho-de-imersao","status":"publish","type":"product","link":"https:\/\/gayaspa.com.br\/index.php\/produto\/banho-de-imersao\/","title":{"rendered":"Banho de Imers\u00e3o"},"content":{"rendered":"<p><strong data-start=\"125\" data-end=\"156\">Banho de Imers\u00e3o \u2014 GAYA SPA<\/strong><br data-start=\"156\" data-end=\"159\" \/>Mergulhe em um momento de puro relaxamento. Nosso banho de imers\u00e3o combina aromas terap\u00eauticos, \u00e1gua morna e ingredientes naturais para aliviar tens\u00f5es, renovar as energias e proporcionar uma experi\u00eancia profunda de bem-estar. Um ritual perfeito para desacelerar, cuidar de si e sentir o corpo mais leve.<\/p>\n<p>Dura\u00e7\u00e3o: 30 minutos<\/p>\n","protected":false},"excerpt":{"rendered":"<p>Hidromassagem beneficia tanto o corpo quanto a mente, trazendo total relaxamento mental e f\u00edsico. Eles s\u00e3o equipadas com jatos concebidos e regulados para agir em todo corpo e massagear. Dessa forma os sistemas circulat\u00f3rio e linf\u00e1tico s\u00e3o estimulados, e os benef\u00edcios da \u00e1gua quente e da massagem s\u00e3o maximizados.<\/p>\n","protected":false},"featured_media":1388,"template":"","meta":[],"product_brand":[],"product_cat":[34],"product_tag":[],"class_list":{"0":"post-1387","1":"product","2":"type-product","3":"status-publish","4":"has-post-thumbnail","6":"product_cat-relaxamento","8":"first","9":"instock","10":"sold-individually","11":"shipping-taxable","12":"product-type-external"},"jetpack_sharing_enabled":true,"_links":{"self":[{"href":"https:\/\/gayaspa.com.br\/index.php\/wp-json\/wp\/v2\/product\/1387","targetHints":{"allow":["GET"]}}],"collection":[{"href":"https:\/\/gayaspa.com.br\/index.php\/wp-json\/wp\/v2\/product"}],"about":[{"href":"https:\/\/gayaspa.com.br\/index.php\/wp-json\/wp\/v2\/types\/product"}],"wp:featuredmedia":[{"embeddable":true,"href":"https:\/\/gayaspa.com.br\/index.php\/wp-json\/wp\/v2\/media\/1388"}],"wp:attachment":[{"href":"https:\/\/gayaspa.com.br\/index.php\/wp-json\/wp\/v2\/media?parent=1387"}],"wp:term":[{"taxonomy":"product_brand","embeddable":true,"href":"https:\/\/gayaspa.com.br\/index.php\/wp-json\/wp\/v2\/product_brand?post=1387"},{"taxonomy":"product_cat","embeddable":true,"href":"https:\/\/gayaspa.com.br\/index.php\/wp-json\/wp\/v2\/product_cat?post=1387"},{"taxonomy":"product_tag","embeddable":true,"href":"https:\/\/gayaspa.com.br\/index.php\/wp-json\/wp\/v2\/product_tag?post=1387"}],"curies":[{"name":"wp","href":"https:\/\/api.w.org\/{rel}","templated":true}]}}