{"id":1383,"date":"2025-11-30T10:04:45","date_gmt":"2025-11-30T13:04:45","guid":{"rendered":"https:\/\/gayaspa.com.br\/?post_type=product&#038;p=1383"},"modified":"2025-12-02T16:51:34","modified_gmt":"2025-12-02T19:51:34","slug":"alta-frequencia","status":"publish","type":"product","link":"https:\/\/gayaspa.com.br\/index.php\/produto\/alta-frequencia\/","title":{"rendered":"Alta Frequ\u00eancia"},"content":{"rendered":"<p>A Alta Frequ\u00eancia \u00e9<span id=\"iJUEsaa2IG_bd1sQPhMTR8Qw_12\" data-processed=\"true\">\u00a0um procedimento vers\u00e1til, indicado para:<span class=\"uJ19be notranslate\" data-wiz-uids=\"cSLjne_2e,cSLjne_2f,cSLjne_2g\"><span class=\"vKEkVd\" data-animation-atomic=\"\">\u00a0<\/span><\/span><\/span><\/p>\n<ul class=\"KsbFXc U6u95\" data-processed=\"true\">\n<li data-hveid=\"CAkQAA\"><span class=\"T286Pc\" data-sfc-cp=\"\">Peles acneicas e oleosas.<\/span><\/li>\n<li data-hveid=\"CAkQAQ\"><span class=\"T286Pc\" data-sfc-cp=\"\">Peles com inflama\u00e7\u00f5es ou pequenas les\u00f5es.<\/span><\/li>\n<li data-hveid=\"CAkQAg\"><span class=\"T286Pc\" data-sfc-cp=\"\">Couro cabeludo com caspa, seborreia ou queda de cabelo<\/span><\/li>\n<\/ul>\n<p>Dentre tantos benef\u00edcios e utilidades que v\u00e3o al\u00e9m da est\u00e9tica que fica f\u00e1cil entender porque tantos profissionais s\u00e3o adeptos dessa tecnologia e a recomendam para seus pacientes. Acompanhe:<\/p>\n<ul>\n<li><strong>Bactericida:<\/strong> a alta frequ\u00eancia elimina e evita a prolifera\u00e7\u00e3o de bact\u00e9rias na pele, auxiliando no processo de limpeza.<\/li>\n<li><strong>Fungicida:<\/strong> da mesma forma, essa tecnologia elimina fungos causadores de micoses, descama\u00e7\u00f5es e outros problemas de pele. Essa fun\u00e7\u00e3o \u00e9 especialmente interessante no caso de tratamentos realizados no couro cabeludo.<\/li>\n<li><strong>Vasodilatador:<\/strong> as ondas de alta frequ\u00eancia aumentam a capacidade dos vasos sangu\u00edneos, melhorando consideravelmente o fluxo sangu\u00edneo.<\/li>\n<li><strong>Oxigenante:<\/strong> com a melhora da circula\u00e7\u00e3o sangu\u00ednea, aumenta tamb\u00e9m a oxigena\u00e7\u00e3o das c\u00e9lulas.<\/li>\n<li><strong>Metabolismo celular:<\/strong> a alta frequ\u00eancia aumenta a temperatura da regi\u00e3o, ativando e acelerando o metabolismo celular.<\/li>\n<li><strong>Cauteriza\u00e7\u00e3o:<\/strong> uma das principais vantagens da alta frequ\u00eancia \u00e9 o seu poder de cauteriza\u00e7\u00e3o. Com ele \u00e9 poss\u00edvel tratar pequenos machucados, inflama\u00e7\u00f5es, pelos encravados e acelerar o processo de recupera\u00e7\u00e3o da pele.<\/li>\n<li><strong>Revitaliza\u00e7\u00e3o:<\/strong> a combina\u00e7\u00e3o de todas essas vantagens resulta na melhoria consider\u00e1vel da sa\u00fade e aspecto da pele. Ap\u00f3s um n\u00famero de sess\u00f5es \u00e9 poss\u00edvel notar a revitaliza\u00e7\u00e3o, o vi\u00e7o e o brilho da regi\u00e3o que recebeu o tratamento.<\/li>\n<\/ul>\n<p>&nbsp;<\/p>\n<p data-pm-slice=\"1 1 []\">Que tal agendar uma sess\u00e3o hoje conosco?<\/p>\n<p>&nbsp;<\/p>\n","protected":false},"excerpt":{"rendered":"<div data-subtree=\"aimfl,mfl\">O procedimento de <strong class=\"Yjhzub\">alta frequ\u00eancia<\/strong> \u00e9 uma t\u00e9cnica de eletroterapia que utiliza correntes el\u00e9tricas de alta frequ\u00eancia atrav\u00e9s de eletrodos de vidro para gerar <strong class=\"Yjhzub\">oz\u00f4nio<\/strong>. Esse tratamento possui efeitos <strong class=\"Yjhzub\">bactericidas, fungicidas, antiss\u00e9pticos e cicatrizantes<\/strong>, sendo comumente utilizado em tratamentos faciais e capilares<\/div>\n","protected":false},"featured_media":1384,"template":"","meta":[],"product_brand":[],"product_cat":[37],"product_tag":[],"class_list":{"0":"post-1383","1":"product","2":"type-product","3":"status-publish","4":"has-post-thumbnail","6":"product_cat-tratamento","8":"first","9":"instock","10":"sold-individually","11":"shipping-taxable","12":"product-type-external"},"jetpack_sharing_enabled":true,"_links":{"self":[{"href":"https:\/\/gayaspa.com.br\/index.php\/wp-json\/wp\/v2\/product\/1383","targetHints":{"allow":["GET"]}}],"collection":[{"href":"https:\/\/gayaspa.com.br\/index.php\/wp-json\/wp\/v2\/product"}],"about":[{"href":"https:\/\/gayaspa.com.br\/index.php\/wp-json\/wp\/v2\/types\/product"}],"wp:featuredmedia":[{"embeddable":true,"href":"https:\/\/gayaspa.com.br\/index.php\/wp-json\/wp\/v2\/media\/1384"}],"wp:attachment":[{"href":"https:\/\/gayaspa.com.br\/index.php\/wp-json\/wp\/v2\/media?parent=1383"}],"wp:term":[{"taxonomy":"product_brand","embeddable":true,"href":"https:\/\/gayaspa.com.br\/index.php\/wp-json\/wp\/v2\/product_brand?post=1383"},{"taxonomy":"product_cat","embeddable":true,"href":"https:\/\/gayaspa.com.br\/index.php\/wp-json\/wp\/v2\/product_cat?post=1383"},{"taxonomy":"product_tag","embeddable":true,"href":"https:\/\/gayaspa.com.br\/index.php\/wp-json\/wp\/v2\/product_tag?post=1383"}],"curies":[{"name":"wp","href":"https:\/\/api.w.org\/{rel}","templated":true}]}}